132 is divided by 1654?
934
Calculate the remainder when 38035747 is divided by 2925826.
9
Calculate the remainder when 3889027 is divided by 173.
160
Calculate the remainder when 376087 is divided by 2817.
1426
What is the remainder when 83787 is divided by 40505?
2777
What is the remainder when 4669455 is divided by 4669454?
1
What is the remainder when 24772104 is divided by 107?
106
Calculate the remainder when 10727 is divided by 763.
45
What is the remainder when 21363576 is divided by 159?
18
What is the remainder when 733429 is divided by 227?
219
What is the remainder when 8951093 is divided by 11655?
53
Calculate the remainder when 967647 is divided by 6366.
15
What is the remainder when 618772 is divided by 33?
22
What is the remainder when 699999 is divided by 57?
39
Calculate the remainder when 36444186 is divided by 822.
816
Calculate the remainder when 10541123 is divided by 1188.
1187
What is the remainder when 44347744 is divided by 78?
64
What is the remainder when 385345 is divided by 64151?
439
What is the remainder when 66070185 is divided by 1476?
1473
What is the remainder when 5262134 is divided by 309529?
141
What is the remainder when 1362712 is divided by 1486?
50
Calculate the remainder when 18618102 is divided by 13.
9
Calculate the remainder when 14773237 is divided by 5874.
127
What is the remainder when 2089122 is divided by 139265?
147
Calculate the remainder when 487429 is divided by 81230.
49
What is the remainder when 25498604 is divided by 2774?
2770
What is the remainder when 357021837 is divided by 1715?
1712
What is the remainder when 6073703 is divided by 4414?
39
What is the remainder when 963587 is divided by 43?
0
What is the remainder when 1149665 is divided by 5776?
241
What is the remainder when 104910060 is divided by 47?
44
What is the remainder when 90654 is divided by 251?
43
Calculate the remainder when 37575363 is divided by 196.
7
Calculate the remainder when 4340854 is divided by 6597.
28
What is the remainder when 143259 is divided by 214?
93
Calculate the remainder when 7260962 is divided by 242.
236
Calculate the remainder when 273869427 is divided by 14.
13
What is the remainder when 28970 is divided by 605?
535
Calculate the remainder when 471283 is divided by 233.
157
Calculate the remainder when 348412 is divided by 11.
9
What is the remainder when 58411 is divided by 579?
511
What is the remainder when 7625009 is divided by 77?
7
What is the remainder when 3253056 is divided by 55?
26
What is the remainder when 10165041 is divided by 12?
9
Calculate the remainder when 3208693 is divided by 4967.
11
Calculate the remainder when 1781652 is divided by 43.
33
Calculate the remainder when 6170 is divided by 4487.
1683
What is the remainder when 296612 is divided by 9886?
32
Calculate the remainder when 524266 is divided by 43688.
10
Calculate the remainder when 7408017 is divided by 8594.
8583
What is the remainder when 42077945 is divided by 63658?
7
Calculate the remainder when 37012082 is divided by 240.
2
What is the remainder when 36081288 is divided by 23?
15
Calculate the remainder when 318416 is divided by 2354.
626
What is the remainder when 102848 is divided by 6812?
668
What is the remainder when 20594991 is divided by 98?
95
Calculate the remainder when 432631 is divided by 164.
163
Calculate the remainder when 14890056 is divided by 1908.
24
What is the remainder when 1583654 is divided by 22304?
70
What is the remainder when 4785475 is divided by 1326?
1267
Calculate the remainder when 586741 is divided by 8382.
1
What is the remainder when 5339 is divided by 3565?
1774
What is the remainder when 93000 is divided by 3672?
1200
What is the remainder when 161839041 is divided by 166?
163
What is the remainder when 5209833 is divided by 9666?
9525
Calculate the remainder when 735949 is divided by 1472.
1421
What is the remainder when 170416 is divided by 911?
59
What is the remainder when 223771901 is divided by 4595?
4591
Calculate the remainder when 2118109 is divided by 141.
7
What is the remainder when 74382 is divided by 37150?
82
What is the remainder when 3877344 is divided by 2604?
2592
What is the remainder when 861925 is divided by 5748?
5473
What is the remainder when 403666 is divided by 553?
529
What is the remainder when 2924187 is divided by 1461826?
535
What is the remainder when 59494 is divided by 4308?
3490
What is the remainder when 306067 is divided by 18?
13
What is the remainder when 1937825 is divided by 87?
74
What is the remainder when 1391569 is divided by 169?
23
What is the remainder when 208374 is divided by 5039?
1775
What is the remainder when 82621438 is divided by 6283?
6271
Calculate the remainder when 57829513 is divided by 280.
273
Calculate the remainder when 5989049 is divided by 187.
0
Calculate the remainder when 394241 is divided by 83.
74
What is the remainder when 16144564 is divided by 556?
548
What is the remainder when 11587118 is divided by 3862260?
338
What is the remainder when 42478 is divided by 3669?
2119
What is the remainder when 111864695 is divided by 1179?
1175
What is the remainder when 454882 is divided by 149?
134
What is the remainder when 17271938 is divided by 1439328?
2
What is the remainder when 15539325 is divided by 2952?
2949
Calculate the remainder when 557137 is divided by 185693.
58
Calculate the remainder when 24740818 is divided by 1417.
1415
Calculate the remainder when 16327224 is divided by 54.
0
What is the remainder when 596616 is divided by 549?
402
What is the remainder when 1930289 is divided by 1647?
5
What is the remainder when 292663 is divided by 216?
199
What is the remainder when 13281229 is divided by 5?
4
What is the remainder when 232925 is divided by 1078?
77
What is the remainder when 54765 is divided by 753?
549
What is the remainder when 616490 is divided by 77055?
50
What is the remainder when 210438 is divided by 1024?
518
What is the remainder when 275240 is divided by 148?
108
Calculate the remainder when 944160 is divided by 36190.
3220
Calculate the remainder when 4035941 is divided by 613.
562
Calculate the remainder when 2032136 is divided by 2022.
26
Calculate the remainder when 186254 is divided by 361.
339
Calculate the remainder when 2968047 is divided by 423999.
54
What is the remainder when 801794 is divided by 801786?
8
Calculate the remainder when 813157 is divided by 14784.
37
Calculate the remainder when 806951 is divided by 806828.
123
Calculate the remainder when 2204421 is divided by 440880.
21
Calculate the remainder when 40975704 is divided by 1779.
1776
Calculate the remainder when 25533622 is divided by 8511199.
25
What is the remainder when 30483092 is divided by 79?
73
What is the remainder when 225093 is divided by 221584?
3509
What is the remainder when 1830770 is divided by 581?
39
What is the remainder when 605611 is divided by 100932?
19
Calculate the remainder when 621715 is divided by 17760.
115
What is the remainder when 22183 is divided by 362?
101
What is the remainder when 10660798 is divided by 273353?
31
What is the remainder when 9269410 is divided by 34?
24
Calculate the remainder when 2553787 is divided by 96.
91
What is the remainder when 25242121 is divided by 62?
61
Calculate the remainder when 1573246 is divided by 776.
294
What is the remainder when 54006090 is divided by 445?
0
Calculate the remainder when 8527103 is divided by 1990.
1943
Calculate the remainder when 486766 is divided by 46.
40
Calculate the remainder when 15200512 is divided by 9.
7
What is the remainder when 93159 is divided by 207?
9
Calculate the remainder when 330781 is divided by 5167.
93
Calculate the remainder when 205399 is divided by 6985.
2834
Calculate the remainder when 588057 is divided by 4388.
65
What is the remainder when 106009808 is divided by 3971?
3963
What is the remainder when 67833 is divided by 16907?
205
Calculate the remainder when 215494 is divided by 214606.
888
Calculate the remainder when 8202303 is divided by 10409.
11
What is the remainder when 4033029 is divided by 508?
17
What is the remainder when 2408309 is divided by 481658?
19
What is the remainder when 23766 is divided by 3104?
2038
Calculate the remainder when 551814 is di